he prime factors of w(c).
31
What are the prime factors of (28/(-10))/(2/(-10))?
2, 7
Suppose 5*u + 507 = -3*q, -2*q - 412 = 4*u - 6*q. Let a = 145 + u. What are the prime factors of a?
43
List the prime factors of 1/(-2) - (-404)/8.
2, 5
Suppose 3 = -5*g - 2. Let n = 10 + g. List the prime factors of n.
3
Suppose q = 4*t + 25 - 10, 0 = q - 3. Let j be (t + -1)*(-2)/4. What are the prime factors of (-4)/(-3)*15/j?
2, 5
Suppose 0 = 5*t + 2*z - 326, t = -t - 2*z + 134. What are the prime factors of t?
2
Suppose -27 = -6*y + 3*y. Suppose p + 2*p - y = 0. List the prime factors of (3 - p - 0) + 14.
2, 7
Let b = 5 - -68. What are the prime factors of b?
73
Suppose -5*c - 2 = -17. Suppose -g = -4*g + 24. Suppose -g = -c*j + 22. What are the prime factors of j?
2, 5
Let q(r) = r**2 - 2 + 5 - 3 + 1. Let w be q(1). Let m = w + 0. List the prime factors of m.
2
Let o(p) = -5*p**2 - 2*p - 1. Let s be o(-2). Let t = -8 - s. List the prime factors of t.
3
Suppose 634 = 2*s + 162. What are the prime factors of s?
2, 59
Let j(y) be the second derivative of y**3/6 + 19*y**2/2 - y. What are the prime factors of j(-8)?
11
Let f(r) = -r**2 + r + 3. Suppose n = 3*s - 0*s - 9, -5*n = s - 3. Let p be f(n). Suppose p*y = 3, 30 = 3*g + 3*y - 0. List the prime factors of g.
3
Suppose t + 3*t = -4. List the prime factors of 32/2 - (1 - t).
2, 7
Suppose y + y - 8 = 0. List the prime factors of y.
2
List the prime factors of (2/(-8)*-6)/(12/1024).
2
Suppose -6 = -2*i - 2. What are the prime factors of (-20 - i)*2/(-4)?
11
Suppose u - 1 = -0*u. List the prime factors of (5/(10/4))/u.
2
Let o(l) = 5*l**3 + 1. What are the prime factors of o(1)?
2, 3
Let s(j) = j**3 - 6*j**2 - j. Let i be s(6). Let t = 13 + i. What are the prime factors of t?
7
Let p = 3 + -6. Let o = 5 + p. List the prime factors of o.
2
Let q = -1 + -3. Let l be 0 + -2 - (5 + q). What are the prime factors of 12 - (-2 + 2)/l?
2, 3
Suppose 4*u + 3*f - 27 = 0, 3*u - 4 = 2*f - f. Suppose 3*x = -u*m + 8 + 28, m + 5*x = 24. What are the prime factors of m?
3
Let r = -37 + 59. What are the prime factors of r?
2, 11
Let o(y) = -y**3 + 3*y**2 + 12*y - 2. What are the prime factors of o(5)?
2
Let k be ((-8)/(-14))/((-2)/(-7)). Let g(r) = 11*r - 1. What are the prime factors of g(k)?
3, 7
Suppose 978 = -3*c + 9*c. What are the prime factors of c?
163
Suppose 5*p - 12 - 3 = 0. Suppose 4*v + 7 = 35. List the prime factors of v/(p*2/6).
7
List the prime factors of ((-4)/7)/(14/(-49)).
2
Let x = 7 + -1. Let n = x - 2. Suppose 3 - 4 = m + c, m + 16 = -n*c. What are the prime factors of m?
2
Let u = -12 - -22. Suppose -2*p + 56 = -u. What are the prime factors of p?
3, 11
Let z = -52 - -94. What are the prime factors of z?
2, 3, 7
Let t(b) = 3*b + 15. Let v be t(-6). What are the prime factors of v + 5/(5/22)?
19
Suppose 0*y = -5*y - 4*r + 41, 0 = -3*y + 4*r + 31. List the prime factors of y/3*-1 + 23.
2, 5
Suppose 5*s = -t + 2*t - 7, 0 = -t + 3*s + 17. What are the prime factors of t?
2
Let q = -27 + 16. Let c(j) = -j**3 - 10*j**2 + 10*j + 10. What are the prime factors of c(q)?
3, 7
Let i(t) = t**2 - 5*t - 4. Let p be i(6). Suppose 0 = 4*n - s + p*s - 22, -4*s = -2*n + 2. What are the prime factors of n?
5
Let p be 25/20 + 3/4. Suppose 0 = -2*r + v + 7, -3*r = -3*v - v + p. List the prime factors of r.
2, 3
Let n = 5 - -20. Suppose -1 = -2*a + n. What are the prime factors of a?
13
Suppose 4*u + 262 = 5*u - 5*s, s + 991 = 4*u. What are the prime factors of u?
13, 19
Let m be (-268)/5 - 2/5. Let u = 91 + m. What are the prime factors of u?
37
Let q be (-14)/(-3) - (-8)/(-12). Suppose -5 = -q*w - 29. List the prime factors of (-56)/(-6) + w/(-9).
2, 5
Let p = -14 - -19. Suppose p*v - 64 = 131. List the prime factors of v.
3, 13
Let z = -12 + 26. What are the prime factors of z?
2, 7
Let p(h) be the second derivative of h**4/12 - h**2/2 - h. Let u be p(-2). Suppose -2*d + 60 = u*d. List the prime factors of d.
2, 3
Let a be (-2)/(-9) - (-3140)/45. What are the prime factors of a/8 - 9/12?
2
Let n(t) = -t**3 + 4*t**2 + t. List the prime factors of n(4).
2
Let s = 0 + -8. Let d be (-2)/8 + 278/s. List the prime factors of (-115)/d + (-2)/7.
3
Let m be 1 - 0 - (-4)/2. Suppose -3 = -c, 0 = -m*w + w - c + 27. Suppose -q = -w + 1. What are the prime factors of q?
11
Let d(q) = -3*q + 1. Let x be d(3). Let w be (x/(-12))/(1/15). What are the prime factors of 104/w + 2/(-5)?
2, 5
Let o(l) = l**2 - 9*l + 6. Let f be o(8). List the prime factors of f/((-2)/1) + 7.
2
Let x = 8 + -6. Suppose -4 = x*j, 2*b - 3*j = j + 108. What are the prime factors of b?
2, 5
Suppose 2*g + r = 3*r - 8, -4*g + 5 = 3*r. Let w(m) be the first derivative of -5*m**2 - 2. List the prime factors of w(g).
2, 5
Let f = 0 - -2. Let x = 10 - 4. What are the prime factors of (-28)/x*(-3)/f?
7
Let p = -12 - 2. Let v = p - -18. What are the prime factors of v?
2
Let k be (0 + 2)/(2/6). Let s(y) = 7*y**2 + 2*y - k*y + 3*y. List the prime factors of s(-1).
2
What are the prime factors of (0 - -44)*((-44)/(-8) - 3)?
2, 5, 11
Let t(x) be the first derivative of x**3/3 + 3*x**2/2 - 7*x + 1. List the prime factors of t(-5).
3
Let y(s) = s**2 - 10*s + 5. Let z = -10 - -21. What are the prime factors of y(z)?
2
Suppose -2*s + s = -2. Suppose 2*b + s*k = 28, -2*k = b - 2*b - 1. Let v = b + -6. What are the prime factors of v?
3
What are the prime factors of (0 + 0 + -56)/(5 - 6)?
2, 7
Let s = -1 - -1. Suppose -g + s*z - 2 = -z, z = 1. Let p = 8 + g. List the prime factors of p.
7
Suppose -8*m = -3*m - 15. Suppose 2*k = m*v - 35, -22 = -3*v + k + 15. List the prime factors of v.
13
Let r(x) = -x**2 - 4*x + 7. Let z be r(-5). Suppose -3*w = z*w + 5, 0 = 2*f - 5*w - 27. What are the prime factors of f?
11
Let b = -10 - -130. List the prime factors of b.
2, 3, 5
Let f be (16/20)/(1/5). Let c = -1 + 6. Suppose -f*b + c*b = 8. List the prime factors of b.
2
Suppose 5*p = 5*x + 165, 4*x - 2*x + 153 = 5*p. Suppose 0*q - q + p = 0. What are the prime factors of q?
29
Let g = -21 - -14. Let n = g + 10. Suppose 0 = 2*o + n*i - 2*i - 9, o + 6 = 3*i. What are the prime factors of o?
3
Let j = -38 - -54. Let k = j + -7. Let o = -5 + k. What are the prime factors of o?
2
Let r = 83 - 73. Let a(g) = 4*g**3 - 3*g**3 + 0*g**3 - 10*g**2 + 7. List the prime factors of a(r).
7
Let s be (-26)/4 - (-3)/(-6). Let t(m) = -3*m - 2. What are the prime factors of t(s)?
19
Let w = -43 + 84. What are the prime factors of w?
41
Suppose -2*v + 2 = 12. Let r(f) = f**2 + 5*f. Let u be r(v). What are the prime factors of 3*(u + 20/6)?
2, 5
Let x(a) = -62*a**3 + 61*a**3 + 5 + 7*a**2 - 4*a - a**2. What are the prime factors of x(5)?
2, 5
Suppose -19 = 3*i + 29. Let k = i - -27. What are the prime factors of k?
11
Let j = -5 - -35. Suppose o - 3*o = -j. What are the prime factors of o?
3, 5
Suppose x + 5*d + 22 = 0, -3*d + 17 = -2*x + 38. Suppose r - x = 1. List the prime factors of r.
2
Let p = 249 - 178. What are the prime factors of p?
71
Let k(i) = -15*i**3 + 3*i - 2*i + 0*i + 2*i**2. List the prime factors of k(-1).
2
Suppose -5*j = 20 - 150. List the prime factors of j.
2, 13
Let x be (-10)/(-3)*(2 - -4). Let y be (-2)/3 + (-28)/(-6). Suppose 2*l - 2*w = x, -y*l = -3*w - 13 - 26. List the prime factors of l.
3
Let u be 2/((-3 + -1)/(-4)). List the prime factors of (-1 + -2)*u/(-2).
3
Let j(r) = -r**3 - 5*r**2 - 2*r - 7. Suppose -i - i = 10. List the prime factors of j(i).
3
Let g = -47 + 66. What are the prime factors of g?
19
Let r = 0 - -7. List the prime factors of r.
7
Let x(c) = c - 3. Let o be x(3). Let q(u) = -u + 0*u + o*u + 6. What are the prime factors of q(0)?
2, 3
Let k(l) = -l**3 + 4*l**2 - 2*l. Let g be k(2). Suppose 0 = x - g + 1. Suppose 1 = x*w - 20. List the prime factors of w.
7
Let c = 16 + -9. Let k(q) = -2*q + q**2 - 4 + 6*q - 3 - 7*q. What are the prime factors of k(c)?
3, 7
Suppose -125 = 5*c - 0*c. What are the prime factors of (c/(-3))/(2/6)?
5
Suppose 0 = -3*i + 64 + 26. Suppose x + 0*q + 2*q - i = 0, 5*x = 2*q + 90. List the prime factors of x.
2, 5
Suppose -3*j + 8 = -16. Suppose -w - j = -2*w - 4*a, -2*a + 4 = -4*w. Suppose -2*s - 5*l = -31, w = -5*s + 4*l + 1 - 6. What are the prime factors of s?
3
Let c be ((-8)/10)/((-1)/5). Suppose c*j + 5 = 1. What are the prime fa